 and 70820.
4
What is the highest common factor of 528 and 5431206?
66
Calculate the highest common divisor of 109092 and 20892.
12
What is the greatest common divisor of 10 and 13898630?
10
What is the greatest common factor of 11809908 and 135?
27
Calculate the highest common factor of 201 and 26365907.
67
What is the highest common divisor of 323 and 11829134?
19
Calculate the greatest common factor of 394952445 and 90.
45
What is the highest common factor of 1734626 and 219?
73
What is the greatest common factor of 3487 and 109978?
11
Calculate the greatest common divisor of 234112370 and 10.
10
What is the highest common divisor of 228 and 1490052?
12
Calculate the greatest common factor of 13303035 and 3645.
1215
Calculate the highest common factor of 4 and 1119670364.
4
Calculate the highest common factor of 392600 and 734500.
1300
What is the greatest common factor of 336 and 3469312?
112
What is the highest common divisor of 36297 and 17168?
37
What is the greatest common divisor of 80 and 3524590?
10
What is the highest common factor of 190747 and 916211?
3127
Calculate the greatest common divisor of 1554 and 4212006.
222
Calculate the highest common divisor of 2648 and 9677116.
1324
Calculate the highest common divisor of 93380 and 1323154.
406
What is the highest common divisor of 624 and 54518776?
104
Calculate the highest common factor of 2 and 2496868.
2
Calculate the highest common divisor of 321521 and 2533.
17
Calculate the highest common factor of 690479 and 342.
19
Calculate the highest common divisor of 12989 and 296236.
31
What is the highest common factor of 11 and 314408?
1
What is the highest common factor of 13344 and 52542?
834
What is the highest common divisor of 21496 and 35463026?
5374
What is the greatest common divisor of 404677 and 5369?
91
What is the greatest common divisor of 176 and 89171038?
22
What is the greatest common factor of 691678 and 135161?
481
Calculate the greatest common divisor of 81507178 and 1570.
314
Calculate the greatest common factor of 7956 and 164468200.
884
Calculate the greatest common factor of 792 and 3681766.
22
What is the greatest common divisor of 2889676 and 94490?
1718
Calculate the highest common divisor of 16764482 and 238.
238
Calculate the highest common factor of 15342657 and 23103.
453
What is the highest common factor of 45 and 133574205?
15
Calculate the greatest common divisor of 1663686 and 28404.
54
Calculate the greatest common divisor of 41210 and 973190.
3170
What is the highest common divisor of 728 and 593642?
14
Calculate the highest common factor of 31 and 844236.
1
Calculate the highest common factor of 109025940 and 10.
10
Calculate the highest common divisor of 32025 and 2462082.
1281
What is the highest common divisor of 593303 and 12398899?
3779
Calculate the greatest common factor of 151643650 and 50.
50
What is the highest common factor of 548307 and 468?
9
What is the greatest common factor of 112326 and 815964?
582
What is the highest common factor of 134 and 185330?
2
What is the greatest common factor of 3913 and 30077047?
91
What is the highest common factor of 10403832 and 194?
194
Calculate the greatest common factor of 136525 and 77155675.
3175
Calculate the highest common factor of 295 and 5876518.
59
What is the highest common factor of 18275 and 21318153?
731
Calculate the highest common factor of 237435954 and 378.
42
What is the greatest common divisor of 193914 and 76266?
342
What is the highest common factor of 22048 and 7772768?
1696
Calculate the greatest common factor of 2971 and 42547691.
2971
What is the greatest common divisor of 255405087 and 1449?
1449
What is the greatest common divisor of 112717519 and 1767?
589
Calculate the highest common divisor of 124504 and 4151292.
316
Calculate the highest common divisor of 1153734 and 18204.
222
What is the greatest common divisor of 24807860 and 1540?
1540
Calculate the highest common divisor of 4576028 and 164.
4
What is the greatest common divisor of 1536 and 688356?
12
What is the highest common factor of 7340523 and 9?
3
What is the highest common factor of 47472 and 6310809?
2967
Calculate the greatest common divisor of 135132 and 3140.
4
What is the greatest common divisor of 340227150 and 109?
109
Calculate the highest common factor of 1155 and 226842.
231
Calculate the highest common divisor of 8456 and 2459086.
14
Calculate the greatest common divisor of 38130 and 300855.
465
Calculate the highest common factor of 490 and 213885.
245
What is the highest common divisor of 66 and 777962834?
22
Calculate the greatest common divisor of 124025 and 2759350.
275
Calculate the greatest common divisor of 309741651 and 16084.
4021
Calculate the greatest common divisor of 14063 and 4277161.
2009
What is the highest common divisor of 1066 and 1166122?
82
What is the greatest common factor of 45336380 and 3460?
3460
What is the greatest common divisor of 945513 and 9439566?
3891
Calculate the greatest common divisor of 1009944 and 162846.
1494
Calculate the highest common divisor of 18766 and 33777094.
1706
What is the highest common divisor of 304 and 1218960?
16
Calculate the greatest common divisor of 1299276 and 20458.
386
What is the highest common divisor of 221678 and 7859?
271
What is the highest common divisor of 10 and 36403555?
5
Calculate the highest common divisor of 1222 and 55452809.
47
Calculate the highest common divisor of 583562259 and 11124.
2781
Calculate the greatest common factor of 4978 and 752464.
262
Calculate the greatest common factor of 10001 and 508270.
137
What is the highest common factor of 102388836 and 20532?
708
What is the greatest common divisor of 7632 and 591792?
48
What is the greatest common divisor of 147596924 and 2023?
289
Calculate the highest common divisor of 11252254 and 6318.
26
Calculate the highest common divisor of 1074 and 8437881.
537
Calculate the highest common divisor of 885 and 966951.
177
What is the greatest common factor of 1048651392 and 256?
128
What is the highest common divisor of 4122 and 76972167?
2061
Calculate the highest common divisor of 1341008 and 544.
16
Calculate the highest common factor of 92602846 and 656.
82
What is the highest common factor of 4452360 and 15510?
330
What is the greatest common factor of 1186660 and 1560?
20
Calculate the greatest common factor of 724824 and 3852.
36
What is the greatest common divisor of 7687968 and 288?
96
What is the highest common factor of 22712956 and 84?
28
What is the greatest common divisor of 73583870 and 90?
10
What is the highest common factor of 1407618168 and 4?
4
Calculate the highest common factor of 18794432 and 806.
62
What is the highest common factor of 2904 and 156568?
8
Calculate the greatest common divisor of 10292450 and 245.
245
What is the greatest common factor of 25319 and 30335779?
3617
Calculate the greatest common factor of 1272112 and 1264.
16
Calculate the greatest common factor of 493 and 19618.
17
Calculate the highest common factor of 539452256 and 336.
112
Calculate the greatest common factor of 2222498 and 2404.
1202
What is the greatest common factor of 4354 and 115680804?
622
Calculate the greatest common divisor of 36855 and 52810485.
1365
What is the highest common factor of 2029 and 1684335799?
2029
Calculate the highest common factor of 40 and 7176220.
20
Calculate the highest common divisor of 27024033 and 2.
1
What is the highest common factor of 1546748 and 37296?
1036
What is the greatest common divisor of 172663695 and 1319?
1319
Calculate the highest common factor of 222 and 55639490.
74
Calculate the highest common divisor of 380 and 43861310.
190
Calculate the highest common factor of 3798 and 576901008.
3798
What is the highest common factor of 16490 and 486285?
85
Calculate the greatest common divisor of 5481 and 19680705.
783
What is the highest common divisor of 10860 and 20547663?
543
Calculate the greatest common divisor of 493 and 24447.
29
What is the greatest common divisor of 34 and 13527461?
17
Calculate the greatest common divisor of 2546796 and 56.
28
Calculate the greatest common factor of 5002 and 20024318.
82
Calculate the greatest common factor of 14649 and 46272336.
771
Calculate the greatest common f